 prime factors of -1 - (-260 + 0 + (-15)/q).
2
Suppose -14*q + 66*q - 384956 = 0. What are the prime factors of q?
11, 673
Let r = 3 - -6. Let f(d) be the third derivative of d**4/8 + 4*d**3 - 3*d**2 + 16. What are the prime factors of f(r)?
3, 17
Let h = 97 - 106. Let t(o) = -2*o**3 - 13*o**2 + 4*o + 21. What are the prime factors of t(h)?
2, 3, 5, 13
Let x = -49 + -301. Let y = x + 549. Suppose -3*b - y = -5*t, -2*b + 30 = 2*t - 56. List the prime factors of t.
41
Let r = 8 + 47. Suppose -45 = 2*d - r. Suppose 4*p + j - 120 = 20, d*p - 3*j - 175 = 0. What are the prime factors of p?
5, 7
Let q be (2/6 - -1)/((-10)/1605). Let z = q + 409. List the prime factors of z.
3, 5, 13
Suppose 0 = -2*b - i + 4, 3*b + i + 4*i + 1 = 0. Suppose -p + 3*u + 468 = 2*p, -u = b*p - 484. Suppose -9*n + 4*n + p = 0. List the prime factors of n.
2
Suppose -7*c + 12 = -4*c. Suppose 5*b - c*b = 20. Let x(f) = 2*f + 5. What are the prime factors of x(b)?
3, 5
Let y(v) = 605*v - 274. What are the prime factors of y(6)?
2, 839
Let g = 14 + -12. Suppose -3*t + 22 = -2*n, 0 = -g*t + 2*n + 23 - 7. List the prime factors of -3 - t/(30/(-85)).
2, 7
Let s = 57 - 55. Suppose -s*x - 9*x + 880 = 0. Suppose -8*d + 12*d = x. What are the prime factors of d?
2, 5
Let s = 5163 - -3967. What are the prime factors of s?
2, 5, 11, 83
Let z(b) = 2*b**3 - 8*b - 14. Let t be z(-2). Let y be -14*(-3)/(-6)*8/t. Suppose 0*l + l - 5*w = 159, -y*l - w = -573. List the prime factors of l.
2, 3
Suppose -39 = 3*d - 6*d. Suppose 4*a - 3 = d. Suppose -2*t = -p - 22, 0 = -2*t + 3*t - a*p - 25. What are the prime factors of t?
3
Let p(s) be the second derivative of -s**3/6 - 57*s**2/2 - 17*s. Let q be p(-17). Let m = 165 + q. List the prime factors of m.
5
Let o(k) = -2*k**2 + 27*k + 14. Let j = 64 + -50. Let p be o(j). Suppose 3*s - 469 - 359 = p. What are the prime factors of s?
2, 3, 23
Let n = 6314 + -1652. What are the prime factors of n?
2, 3, 7, 37
Suppose -1914 = -3*v - 5*t, -2*v + 0*t = 5*t - 1276. Suppose n + p - 324 = 312, n - p = v. What are the prime factors of n?
7, 13
Let l(r) = -r**2 - 14*r - 22. Let o be l(-10). Let v = o - 16. Suppose 45 + 85 = v*z. What are the prime factors of z?
5, 13
Suppose -9*j - 3742 + 68539 + 110991 = 0. List the prime factors of j.
2, 19, 257
Suppose 3*f + 0 = -k + 35, -f = 5. Suppose -t - 2 = 0, 0 = 3*c + t + k - 12. List the prime factors of 1218/c*(-8)/14.
2, 29
Let q(a) = a**3 - a**2 + 4*a + 95. Let x be q(0). List the prime factors of 126/(2*(4 + x/(-25))).
3, 5, 7
Let d(h) = 475*h - 27. Suppose -3*c + 3*q = -0*q + 3, 2 = q. List the prime factors of d(c).
2, 7
Let m(y) = 5*y - 16. Let a be m(8). List the prime factors of 666/(-12)*a/(-4).
3, 37
Suppose 3*k + 3*s - s = 12, 4 = k + s. Let t be (0 + 2)*1 + 5096/7. Suppose t = k*w + w. List the prime factors of w.
2, 73
What are the prime factors of ((-57)/(-4))/(34/21624)?
3, 19, 53
Let t be (-4)/((-24)/42) - 459. Let m = t + 674. What are the prime factors of m?
2, 3, 37
Let m(v) = -1616*v + 2653. What are the prime factors of m(-12)?
5, 4409
Let b be (-17376)/(-60) + 3/(-5). Let d be (-14 - -18) + (0 - 2). Suppose -4*q - 3*c + b = 0, -q = -d*c - 83 + 19. What are the prime factors of q?
2, 5, 7
Let f(t) = 1554*t - 4. Let w be f(1). Suppose -4*r = r - w. Suppose 0*h - 2*h + 306 = 2*o, 2*o = -h + r. List the prime factors of o.
157
Let q = 31446 + -19038. List the prime factors of q.
2, 3, 11, 47
Let p be (-24)/8*(-6)/9. Suppose 958 - 158 = p*x. What are the prime factors of x?
2, 5
Let u(v) = v**2 + 5*v - v - 4 - v. Let b be (-2)/4*(-2 + -11 + 1). List the prime factors of u(b).
2, 5
Let c(u) = u**3 - 4*u**2 - 3*u - 6. Let m be c(5). Suppose -m*b + 291 = -57. What are the prime factors of b?
3, 29
Suppose 0 = 76*t - 137*t + 72*t - 309782. List the prime factors of t.
2, 14081
Let a be 12 - (-2 + -5 + 3). Suppose a*z = -3*z + 9310. List the prime factors of z.
2, 5, 7
Suppose 125*j - 222811 = 1183372 + 29067. List the prime factors of j.
2, 5741
Let g(o) be the third derivative of -13*o**4/24 - 2*o**3 - 2*o**2. Let p be (-11)/2 - (-18)/36. List the prime factors of g(p).
53
Suppose -39545 = -3*d - 4*p + 192, p + 4 = 0. What are the prime factors of d?
3, 7, 631
Let h = 5221 + -4195. What are the prime factors of h?
2, 3, 19
Suppose 3*v = -36*v + 206076. What are the prime factors of v?
2, 1321
Let p(o) = -2*o + 2. Let m be p(-5). Suppose m*i = 15*i. Suppose i = -3*s - s + 8. What are the prime factors of s?
2
Let p(w) = -2*w - 10. Let g be p(-10). Suppose g = -7*v + 2*v. List the prime factors of v*1/4*-6.
3
What are the prime factors of 3 - 42/16 - ((-4036825)/104 - -25)?
38791
Suppose -5*a - 4*z - 2052 = 0, -2*a = 4*z - 5*z + 813. Let i = a + 735. Suppose -c = n - 111 + 8, -i = -3*c + 3*n. List the prime factors of c.
2, 53
Suppose 1426*f - 2535 = 1387*f. Let t be (-2)/(-4) - 479/(-2). Suppose 0 = -5*c + t - f. What are the prime factors of c?
5, 7
Suppose 2*t + 5*i - 13 = 0, -3*t - i - 4*i = -7. List the prime factors of ((-2)/t)/((-1)/(-786)).
2, 131
Let z = 148 - 160. List the prime factors of 4 + 1/(z/66)*-82.
5, 7, 13
Let c be (-1 + (3 - 4))/(-3) - 4118/174. Let i = -12 - -20. Let h = i - c. List the prime factors of h.
31
Suppose 4*x - 706 - 506 = 0. Suppose u + 0 + 2 = 0, k + u - x = 0. What are the prime factors of k?
5, 61
Let m be (38/(-5))/(14/(-70)). Let y = m + 1226. Suppose -5*r - 3*l = -y, r + 3*r - 4*l - 1024 = 0. List the prime factors of r.
2, 127
Let i(k) = 4*k**2 + 241*k + 757. What are the prime factors of i(-93)?
2, 5, 647
Suppose 2*r = q + 789, -2*q + 3 = -3*q. Let l = r - 111. What are the prime factors of l?
2, 3, 47
Let n be 6 + (-28)/2 + 16. List the prime factors of 61550/70 + n/(-28).
3, 293
Let i = 5492 - -7677. What are the prime factors of i?
13, 1013
Suppose -r = -i + 3*i - 14, r - 4*i + 16 = 0. Suppose -r*s + 15 = s. Suppose 0 = s*j - j, 2*n = -4*j + 120. List the prime factors of n.
2, 3, 5
Suppose 8*y + 150 = 10*y - 4*n, -4*n = 4*y - 312. Let l = 181 + y. What are the prime factors of l?
2, 3, 43
Suppose 0 = -27*d + 23*d - 20, 2*c = 5*d + 50383. What are the prime factors of c?
3, 7, 11, 109
Suppose -2204557 = -116*l - 279885. List the prime factors of l.
2, 17, 61
Let x(z) = -5*z - 7. Let r be x(-1). List the prime factors of (-422)/(-1) - r*(-9)/(-6).
5, 17
Let a = 5733 + 8811. List the prime factors of a.
2, 3, 101
Let y = -118531 + 169740. List the prime factors of y.
41, 1249
List the prime factors of (17/(476/(-80752)))/(-2 - 63/(-33)).
2, 7, 11, 103
Suppose w - 2*q - 2727 = 0, 16*w + 3*q - 2747 = 15*w. List the prime factors of w.
5, 547
Let k be (-16)/20*1*170/(-4). Suppose 13*d + 8 = k. Suppose 5*z = d*r + 3, -2*r + 4*r - 3*z = 7. List the prime factors of r.
11
Let v(i) = -i**3 + 3*i**2 + 13*i - 3. Let p be v(5). Let o be (-1)/((-22)/(-2130)) + p/(-66). Let c = 50 - o. List the prime factors of c.
3, 7
Let g(s) = 3*s**2 - 4*s + 3. Let p be g(3). Let k = p + 12. Suppose 6*d - k = d. List the prime factors of d.
2, 3
Let r(h) = 76*h**2 + 10*h + 21. Let m be r(-6). Suppose 21*p = -8*p + m. What are the prime factors of p?
3, 31
Let c(j) = -j**2 + 5*j - 277. Let t(x) = -3*x**2 + 13*x - 832. Let o(a) = 8*c(a) - 3*t(a). List the prime factors of o(0).
2, 5, 7
Suppose 3*q = w + 13429, -5*w = -q - 4*w + 4479. Suppose -5*p - 5*j + q = 0, p - 401 - 503 = -4*j. List the prime factors of p.
2, 223
What are the prime factors of (6/5)/(8/45180)?
3, 251
Let x be 2/(-8)*-24 - -143. Suppose -3*f - 4*a = 165, -3*f + 4*a = 2*f + 243. Let b = x + f. List the prime factors of b.
2, 7
Let w = -688 - -833. Let v = 430 - w. List the prime factors of v.
3, 5, 19
Let d(v) = -1470*v - 78. Let m be d(1). Let h = -952 - m. List the prime factors of h.
2, 149
Let g = 3633 + 1185. List the prime factors of (-24)/(-32) + (g/8 - 3).
2, 3, 5
Let g(m) = 100*m - 1208. What are the prime factors of g(36)?
2, 13, 23
Let a = 5773 - 3308. Suppose -a - 1350 = -7*g. List the prime factors of g.
5, 109
Let n(p) = p**2 - 2*p - 5. Let c(t) = t**2 + 6*t + 8. Let y be c(-8). Suppose -m + 4 = 2*h, 0 = -4*h + 2*m + y. What are the prime factors of n(h)?
3
Let b be 15/(-35) - 124/(-28). Suppose -4*t = -4*k + 1096, b*t + 94 + 171 = k. What are the prime factors of k?
277
Let x(v) = -34*v**3 + 9*v**2 